 o?
6
Let m(h) = 46*h + 3. Let d be m(8). Suppose 0 = -6*l + d - 107. What is the tens digit of l?
4
Let v(z) = -z**3 - 15*z**2 - 17*z - 30. What is the tens digit of v(-14)?
1
Let y(s) = -10*s - 26. Let z be y(-9). Suppose t = 3*r - t - z, r = -t + 13. What is the units digit of r?
8
Let p(x) = 5*x**2 + 2*x**2 + 0*x - 21*x + 22 + 8*x**2 - x**3. What is the tens digit of p(13)?
8
Suppose 0 = 2*t - 8, 2*b - 3*b - t = 28. Let j = -21 - b. What is the units digit of j?
1
Let c(h) = 42*h**2 + 43*h - 241. What is the units digit of c(7)?
8
Suppose 3*d - 4*j + 211 = 3154, 3*j - 4876 = -5*d. What is the hundreds digit of d?
9
Suppose 6*y + 21 = 9*y. Suppose -4*q + 4 = 0, 0 = 5*r + 2*q - y*q - 675. What is the hundreds digit of r?
1
Let j = 2644 - 549. What is the units digit of j?
5
Let t = 427 + -236. What is the units digit of t?
1
Suppose 0 = -2*y - 2*y. Let q = -120 - -68. Let r = y - q. What is the tens digit of r?
5
Suppose -q = -0*q - 3*m - 8, m = q. Let z(p) = -5*p**2 + 3*p + 1. Let a(u) = -9*u**2 + 5*u + 1. Let n(h) = q*a(h) + 7*z(h). What is the units digit of n(2)?
9
Let j be 2/(-8) + 891/12. Suppose -x - 236 = -241. Suppose 4 = -x*v + j. What is the tens digit of v?
1
Let q be ((-58)/(-2) - -1)*(-4)/(-6). What is the tens digit of q/(-2)*351/(-26) - 1?
3
Let p = 445 - -417. What is the units digit of p?
2
Let t(p) = -p + 5. Let q be t(7). Let h be (-1146)/9*3/q. Suppose -4*k - u = -h, 0 = -2*k - 3*k - u + 240. What is the units digit of k?
9
Let g(w) = 5*w**2 + 14*w + 51. What is the units digit of g(-12)?
3
Let n be 12/(-18)*(-9)/2. Suppose -2*s - 33 = -4*o - o, n*o - 11 = -s. Suppose -39 = -o*z + 101. What is the tens digit of z?
2
Let q(d) = -d**2 + 7*d. Let l(f) = -f**2 - f + 3. Let t(g) = -g**3 - g**2 - g. Let s be t(0). Let i be l(s). What is the units digit of q(i)?
2
Suppose z - 12 = -4. Let g = z + -2. Suppose 0 = -g*x + 385 - 37. What is the tens digit of x?
5
Suppose -11*v = 2*v - 27508. What is the tens digit of v?
1
Suppose 4*y - 90*m + 85*m = 19757, -4*y - m = -19727. What is the units digit of y?
3
Suppose 0 = 3*u + d - 611, 3*u - 804 = -u + 4*d. Suppose 5*f = 4*r + 350, 3*f - r - u = -0*f. Suppose 5*m + f = 186. What is the units digit of m?
4
Suppose -20 + 4 = -4*l. Let r be (-22)/(-18) - l/18. Suppose -2*z + 32 = -3*b - r, 47 = 3*z - 5*b. What is the units digit of z?
4
Suppose -k - 2*t = -14, 0 = -2*k - 0*k + 3*t. Let h(y) = y**2 + 4*y - 4. What is the units digit of h(k)?
6
What is the units digit of -34 - -33 - ((-41880)/(-2))/(-4)?
4
Suppose 4*y - 424 = -4*u - 0*u, -2*u = -5*y + 565. Let s = y + -87. What is the units digit of s?
4
Suppose 2*r = -6, 81 - 997 = -h + 4*r. What is the units digit of h?
4
Let c(x) = 13*x. Let q be c(2). Suppose 113 = 3*v + q. What is the units digit of v?
9
Suppose 4*g - 396 = -4*k, -8*k = -2*g - 3*k + 226. Let n = 259 - g. Suppose 5*o = -3*f + n, 7*o - 2*o = 2*f + 171. What is the units digit of o?
3
Let v(o) = 3*o**3 - 8*o**2 + 8*o + 11. What is the units digit of v(8)?
9
Let f = -47 - -605. What is the units digit of f?
8
Suppose -466*g - 583 = -467*g. What is the units digit of g?
3
Suppose 0 = -6*p - 5*p + 22. Suppose 46 + 34 = p*z. What is the tens digit of z?
4
Suppose -3*m = -6*m + 12, 3*m = -2*v - 48. Let x = -18 - v. Suppose -5*d - x + 117 = 0. What is the tens digit of d?
2
Let f be 8/(-10)*(-30)/4. Let l be 3 - (f/(-3) - -1). Suppose -4*y + 2*q + 80 = 0, -5*y - l*q + 83 = 9. What is the units digit of y?
8
Let l be 0 - -4 - (3 + -2). Suppose -3*g = -5*f + 36, 0 = -l*f - 3*g - g + 10. What is the units digit of (f/4)/(3/24)?
2
Suppose -n + o = -274, 14 = 5*o - 1. What is the units digit of n?
7
Suppose 291 = -72*x + 75*x. What is the units digit of x?
7
Suppose -3*p - 48 = -3*m, 4*m + 44 = -4*p - 52. Let g(s) = -s**3 + 25*s**2 + 28*s - 23. Let a be g(26). Let n = a + p. What is the units digit of n?
9
Let u be -3 - 3/((-9)/51). Let d = -9 + u. Suppose -5*r + 2*n = -53, -d*r + 3*n + 7 = -45. What is the tens digit of r?
1
Suppose 26 + 26 = 4*t. Suppose -l - 7 = 4*y - 12, -2*y + t = l. What is the units digit of l?
1
Let o(p) = -4*p - 1. Let y be o(4). Let m = y + 21. Suppose 4*c - c - 74 = 5*h, 0 = m*c - 4*h - 104. What is the units digit of c?
8
Suppose 10*w - 2418 = 6*w - 2*n, 3000 = 5*w - 5*n. What is the hundreds digit of w?
6
Let r(m) = m**2 + 30*m + 398. What is the tens digit of r(-42)?
0
Suppose 6*z = z - 210. Let k = 26 - z. What is the tens digit of k?
6
Let o = 15 - 12. Suppose -o*l = -23 - 79. Suppose 54 = 4*s - l. What is the tens digit of s?
2
Let l(o) = -2*o + 17. Let p be l(13). Let g = p + 9. Suppose 9*z = 4*z - h + 156, g = z + 2*h - 24. What is the units digit of z?
2
Let t be (-6)/15 - (0 + 36/10). What is the tens digit of (-3)/(24/50)*t?
2
Let j(x) = -16*x + 5. Let a be j(-3). Suppose 3 - a = -2*c. What is the units digit of (-164)/(-10) - 10/c?
6
Let l(d) = 122*d + 3. Let n(k) = -k - 6. Let m be n(-7). What is the tens digit of l(m)?
2
What is the hundreds digit of 188*1 + (-14)/(-2)?
1
Let q = -370 - -1016. What is the tens digit of q?
4
What is the hundreds digit of 10/(-4)*(-14)/(-35)*-955?
9
What is the tens digit of ((-81)/18)/((-1)/18)?
8
Suppose -27*m + 28*m - 1975 = 0. What is the tens digit of m?
7
Suppose 0 = 7*q - 777 - 2940. What is the tens digit of q?
3
Let o = -704 - -376. Let i be (4 + -5)/(2/o). Suppose 0 = 3*s - i - 31. What is the units digit of s?
5
Suppose 0 = -255*k + 252*k + 2187. What is the units digit of k?
9
What is the hundreds digit of 11900/20 - (0 - -7)?
5
What is the units digit of (8/96*201)/((-3)/(-228))?
3
Let w = 519 - 363. Let k = w + 35. What is the units digit of k?
1
Let z = -29 + 22. Let k = z + 166. What is the tens digit of k?
5
What is the hundreds digit of 1420/6*(15/5 - 0)?
7
Let n be 4/(((-3)/(-10))/((-3)/(-4))). Suppose n*z = 5*z + 195. What is the units digit of z?
9
Let r(i) = -i**3 - 2*i**2 + 5*i - 5. Let t be r(4). Let a be (5 + (-2 - 2))*t. Let j = -46 - a. What is the tens digit of j?
3
Let g = -14 - -14. Let d(y) = -19*y - 3 + 1 - 3*y + g. What is the units digit of d(-2)?
2
What is the tens digit of -6 + (-23144)/(-120) - 4/(-30)?
8
Let z = 11 - 6. Let v be z/((-5)/(-202)) + 2. Suppose 19 - v = -5*m. What is the tens digit of m?
3
Suppose -z = 2*z - 3*h - 2736, -3*h - 906 = -z. What is the tens digit of z?
1
Suppose -r - 4 = -8. Suppose 0 = -m + 24. Suppose m = r*c - c. What is the units digit of c?
8
Suppose 6672 = -o - 7*o. What is the tens digit of (6/(-9))/(4/o)?
3
Let y be 5 - (-2 - -8 - 4). Let t(g) = 6*g**2 + 3*g + 7. What is the units digit of t(y)?
0
Suppose -14*u = -6116 - 2172. What is the tens digit of u?
9
Suppose 0 = -4*k + 5*k + 1. Let n be 1*(-2)/(-2)*k. What is the units digit of n/3*(-54)/3?
6
Let o be (-2 - -1)/((-5)/(-10)). Let f be 8/24 + 8/3 + 1. What is the units digit of o*(-58)/f + 3?
2
Suppose 3 - 2 = m. What is the units digit of (m + 4)*64/20?
6
Suppose -1 = -g - 6. What is the units digit of 20/g*22/(-2 + 1)?
8
Let m(s) = 2*s - 16. Let z(a) = 1. Let b(u) = 3*m(u) + 3*z(u). What is the units digit of b(23)?
3
Let y = -91 - -529. What is the tens digit of y?
3
Suppose -12*l = 8*l - 22300. What is the tens digit of l?
1
Suppose 0 = 4*i - 0 - 8. Suppose -i*m - 51 = -5*m. Suppose t - 2*t + o = -m, 4*o = -4. What is the units digit of t?
6
Let o be ((-12)/8 + 2)*6. Suppose o*k + 1 = 2*a, -a - 3*k - 2 = -2*k. What is the units digit of a*((-4 - -7) + -70)?
7
Let c be (-4 + (10 - -3))*1/(-3). What is the units digit of 5 + c + (284 - 5)?
1
Suppose 46*f - 3 = 47*f. What is the units digit of -2 + 72 - f/3?
1
Let j = 8098 + -5730. What is the units digit of j?
8
Let p(r) be the first derivative of -r**3/3 - 5*r**2/2 + 7*r - 2. Let k be p(-5). Suppose 6*q = k*q - 18. What is the tens digit of q?
1
Let t be (-50)/(-15)*1 - 1/3. What is the units digit of 83 + -1 - (t + -2)?
1
Let u be ((-2128)/(-42))/(1/9). Suppose -2*j - u = -5*k, 276 = 3*k - 2*j - 0*j. What is the tens digit of k?
9
Let k = -448 - -448. Let f(m) = 2*m - 6. Let r be f(6). What is the units digit of (k - -3)*(r + -1)?
5
Let u be 9/2*4/(-6). Let g be ((-40)/(-3))/4*u. Let s = 14 - g. What is the tens digit of s?
2
Let b(c) = -c - 4. Suppose -y = -j - 3*j + 14, -4*j = 5*y + 22. What is the units digit of b(y)?
2
S